5 + 4c37a?
4c37f
In base 15, what is 9bddb - -1?
9bddc
In base 4, what is -1 + -320332303?
-320332310
In base 16, what is -959 + 114?
-845
In base 8, what is -310563 + 3?
-310560
In base 9, what is -348253 + 0?
-348253
In base 15, what is 5 - -19dba?
19dc0
In base 12, what is -246b74 - 1?
-246b75
In base 13, what is 1c - -19cb?
1a1a
In base 2, what is 1101010010001010 - -100?
1101010010001110
In base 14, what is -28ccd + -1?
-28cd0
In base 5, what is -13144 - 31433?
-100132
In base 10, what is -4 - -5761?
5757
In base 8, what is 6 + 4212?
4220
In base 7, what is -23512 - 452?
-24264
In base 11, what is -41115 - 5?
-4111a
In base 13, what is -4 + -1a049?
-1a050
In base 10, what is 8 - -4027?
4035
In base 2, what is 1001 - -10101010110110?
10101010111111
In base 16, what is 2 + -49aa2?
-49aa0
In base 2, what is -1111 - -11011000101100001?
11011000101010010
In base 5, what is -34134433 - 4?
-34134442
In base 12, what is -69931 + 3?
-6992a
In base 5, what is 10 + 121100?
121110
In base 4, what is 310100 + 1021?
311121
In base 6, what is -234550 + 332?
-234214
In base 2, what is -11111101011 + -110?
-11111110001
In base 10, what is -7743 + 17?
-7726
In base 5, what is -20 + -30113?
-30133
In base 4, what is -1133 - 0?
-1133
In base 14, what is 26 - -619?
641
In base 14, what is -224 - 1a8?
-3cc
In base 5, what is -10 + -1034423?
-1034433
In base 2, what is 1010 - 110010000011111001?
-110010000011101111
In base 9, what is 1666 - 10?
1656
In base 6, what is 250514511 - 1?
250514510
In base 2, what is -10010001110110 + -1?
-10010001110111
In base 9, what is -2307 - 187?
-2505
In base 5, what is -30 - 13204?
-13234
In base 6, what is 3 - 15524?
-15521
In base 7, what is 13066016 + -5?
13066011
In base 5, what is -4213014 - -1?
-4213013
In base 15, what is 2 - -7b848?
7b84a
In base 4, what is 112320200 - 1?
112320133
In base 11, what is 33a908 + 2?
33a90a
In base 5, what is -30222110 + -14?
-30222124
In base 12, what is -543 + -50?
-593
In base 15, what is -1b + -683b?
-6857
In base 10, what is -1291 - 323?
-1614
In base 8, what is -5456 + -6?
-5464
In base 6, what is -2 - -20434142?
20434140
In base 16, what is 2619 + -4?
2615
In base 8, what is 2351430 + 0?
2351430
In base 14, what is 119c + 1a?
11b8
In base 11, what is 12 - -170?
182
In base 11, what is 1550 + -1640?
-a0
In base 11, what is -66 + -658?
-713
In base 16, what is e37 + -23?
e14
In base 8, what is 113 + -1520?
-1405
In base 11, what is -21 - 6325?
-6346
In base 10, what is -3591 + -15?
-3606
In base 7, what is -2 - 12603631?
-12603633
In base 3, what is -100000201 + -1?
-100000202
In base 11, what is 17048 - 2?
17046
In base 14, what is -58c91 - 4?
-58c95
In base 14, what is a - -8d8?
904
In base 13, what is 0 + -1150c?
-1150c
In base 12, what is -3 - -29915?
29912
In base 6, what is -13123 - -203?
-12520
In base 6, what is 35104304 + -11?
35104253
In base 16, what is 4 - -3f1b?
3f1f
In base 10, what is 2657253 - 0?
2657253
In base 16, what is -17 - -1c2?
1ab
In base 4, what is 0 - -1123030133?
1123030133
In base 10, what is -218322 - -8?
-218314
In base 12, what is -15631 - -3?
-1562a
In base 3, what is 1211 - 102212000?
-102210012
In base 14, what is -739 + -8c?
-7c7
In base 3, what is 1001102 - -221111?
1222220
In base 2, what is -100 + -1001001101110?
-1001001110010
In base 9, what is 224 + 22?
246
In base 11, what is 3 - 14479?
-14476
In base 6, what is -5055 - -21?
-5034
In base 6, what is -2 + 444112?
444110
In base 6, what is -2 + 3343?
3341
In base 5, what is -10 - -22011424?
22011414
In base 8, what is 17230 + 3?
17233
In base 16, what is -1130 - 1?
-1131
In base 12, what is -19378a + 5?
-193785
In base 11, what is 1787 + -88?
16aa
In base 5, what is 20 - 442110?
-442040
In base 10, what is 2 - 462655?
-462653
In base 10, what is 87578 + -1?
87577
In base 11, what is 68 + -407?
-34a
In base 15, what is 1e8c + 24?
1eb1
In base 14, what is -17 + 9491?
9478
In base 5, what is -204422 + -3?
-204430
In base 4, what is 330 - 20033322?
-20032332
In base 7, what is -6 + -2115?
-2124
In base 4, what is -11 - 12232323?
-12233000
In base 3, what is -110 - 121210001202?
-121210002012
In base 5, what is -23432 + -4?
-23441
In base 13, what is -5931 - 4?
-5935
In base 4, what is 2 + 21322003?
21322011
In base 10, what is -1241 + -501?
-1742
In base 9, what is -5 - -432326?
432321
In base 5, what is 11202412 - -3?
11202420
In base 5, what is -3 - 1221123?
-1221131
In base 15, what is -12d + -1d?
-14b
In base 2, what is -1001 + 100010001000?
100001111111
In base 13, what is c - -87b?
88a
In base 12, what is 142 + -851?
-70b
In base 7, what is 122634 + 3?
122640
In base 14, what is -2 + -a49?
-a4b
In base 6, what is 1015 + -4131?
-3112
In base 4, what is 303100021 + 10?
303100031
In base 5, what is -4 - -43342010?
43342001
In base 6, what is -134145 + 25?
-134120
In base 8, what is 1371 + -35?
1334
In base 3, what is 1100211101 + -11?
1100211020
In base 9, what is 34166 + -15?
34151
In base 3, what is 1201201 - -210?
1202111
In base 13, what is -a2a04 + 5?
-a29cc
In base 13, what is -12a82 + -7?
-12a89
In base 2, what is 1000011110 - -10?
1000100000
In base 5, what is -12 + 1020212?
1020200
In base 13, what is -52252 + 2?
-52250
In base 11, what is 30246 + -9?
30238
In base 4, what is 120 + -1003222?
-1003102
In base 5, what is -12 + 11121?
11104
In base 4, what is 1013011 - -100?
1013111
In base 7, what is 1436421 + -25?
1436363
In base 2, what is 1 - 1001011011000?
-1001011010111
In base 11, what is 1173 - -1279?
2441
In base 6, what is 5 - 11230500?
-11230451
In base 2, what is -10 - 111100100100000?
-111100100100010
In base 4, what is -130223002122 - 10?
-130223002132
In base 13, what is -18a5a4 + -1?
-18a5a5
In base 16, what is 42 + -812?
-7d0
In base 4, what is -1 - 331022?
-331023
In base 10, what is 473924 + -4?
473920
In base 10, what is 11642 + -1?
11641
In base 7, what is -112 - 2315?
-2430
In base 2, what is -1001100001 + 110100100000?
101010111111
In base 5, what is 2 + 324222?
324224
In base 10, what is 1288 - 21?
1267
In base 6, what is 3 + 31453503?
31453510
In base 12, what is -286 + 341?
77
In base 15, what is b2 - 82?
30
In base 2, what is -101100010100110 + -110010?
-101100011011000
In base 3, what is 11201 - 220211?
-202010
In base 9, what is 10648 - -3?
10652
In base 12, what is 1b + 796?
7b5
In base 4, what is 10322303 + 11?
10322320
In base 3, what is -11022 - 20211?
-102010
In base 7, what is 3501 + -205?
3263
In base 11, what is -591 + -153a?
-2020
In base 13, what is 36bb - 5?
36b6
In base 15, what is -5 + 192d0?
192ca
In base 14, what is -217d + -35?
-21b4
In base 14, what is 41 - 3ac?
-36b
In base 12, what is 3 + -114?
-111
In base 8, what is -1067 - -217?
-650
In base 12, what is -734 + 59b?
-155
In base 8, what is -14 + 4761?
4745
In base 8, what is 1 + 1414173?
1414174
In base 7, what is -14324020 - 3?
-14324023
In base 14, what is -aa5 - -55?
-a50
In base 3, what is -12012001 + 10210?
-12001021
In base 7, what is 1362 + 1656?
3351
In base 6, what is -3111 + -5125?
-12240
In base 16, what is -1e2c + -6d?
-1e99
In base 10, what is 894 - -876?
1770
In base 7, what is 21 + 50632?
50653
In base 12, what is -5a + -297?
-335
In base 15, what is 611 + 31a?
92b
In base 5, what is -32 - 134431?
-140013
In base 10, what is -3608 - 37?
-3645
In base 12, what is 6 + 89396?
893a0
In base 8, what is 45 + -3677?
-3632
In base 4, what is -10 - -11000301311?
11000301301
In base 9, what is 5 - 444003?
-443887
In base 9, what is -1 + -10552?
-10553
In base 2, what is 11 + 101101101011001100100?
101101101011001100111
In base 9, what is -1274580 - -2?
-1274577
In base 6, what is 1235132 - 2?
1235130
In base 7, what is 6046 - 556?
5160
In base 15, what is -3 - 459?
-45c
In base 15, what is -c2 - 5c?
-12e
In base 14, what is 8 - -bdd?
c07
In base 3, what is 1112200 + 1020011?
2202211
In base 10, what is -10 - -58737?
58727
In base 9, what is 3 + 70275?
70278
In base 14, what is 5 + -1c1b2?
-1c1ab
In base 16, what is 1a + -6fd?
-6e3
In base 16, what is bfb - 5?
bf6
In base 10, what is -6004759 + 3?
-6004756
In base 2, what is -110011010110001 + -100?
-110011010110101
In base 16, what is -3 + dec5?
dec2
In base 16, what is -35ca + -5?
-35cf
In base 9, what is -475755 - -1?
-475754
I